 -u. Let x(o) = 17 + o - 10 - i. Calculate x(-6).
-4
Suppose -161*q + 1 = -164*q + 2*h, 3*h = -3*q + 24. Let z(p) = 8*p. What is z(q)?
24
Let k(o) = -55519*o**2 + 22*o + 55520*o**2 + 27 + 15. What is k(-2)?
2
Let z(x) = x - 11. Let q(w) = 6*w**2 - 35*w + 1. Let l = 195 - 189. Let k be q(l). Determine z(k).
-4
Let n(q) = 13 - 152*q - 20 - 88*q**2 + 141*q**2 - 49*q**2. Calculate n(38).
-7
Let j(b) = 16*b - 18 + 14*b - 16*b - 18*b - 7. Determine j(12).
-73
Let n = 32795 + -32775. Let y(m) = m**2 - 15*m - 63. Determine y(n).
37
Suppose -3*c - 5*g = -7*c - 4, 0 = 3*c + g - 16. Suppose 3*p - 19 = c*y, 6 = -4*y - 4*p - 34. Let n(i) = -i**3 - 8*i**2 - 4*i - 1. Calculate n(y).
-22
Let n(c) = -7*c + 56. Let g be n(9). Let f be 1 + 5 + 5 + (g - 5). Let z(l) = 6*l + 2. Determine z(f).
-4
Let t(u) be the third derivative of -u**6/120 - u**5/15 - u**4/24 + 2*u**3/3 + 360*u**2. Let h = 1 - 1. Suppose h = 3*g, -2 - 1 = i - 3*g. What is t(i)?
-2
Let p = 4088 - 4084. Let w(y) = 8 - 2 - 23*y + 32*y + 3*y**2 - 13*y. Calculate w(p).
38
Let l(k) = k + 5. Let g = 522 - 331. Suppose 30 = 23*d + g. Determine l(d).
-2
Let m be 4/21 + 1000/(-5250). Let z(n) be the second derivative of -1/2*n**4 - 12*n + 0 + 1/20*n**5 + 1/2*n**2 + m*n**3. Give z(3).
-26
Let n(h) be the second derivative of h**4/12 - h**3 - 2*h**2 - 4*h - 23. Let l = -136 + 141. Calculate n(l).
-9
Let p be ((-4)/(-12)*-10)/((-142)/(-639)). Let u(k) = k**2 + 17*k + 30. Determine u(p).
0
Let k(m) = -m**3 + 4*m**2 + 4*m - 10. Suppose -3*q = 2*s - 12, 48*s - 49*s = 0. Determine k(q).
6
Let i(r) = 195*r + 18. Let h(n) = -123*n - 11. Let o(v) = -8*h(v) - 5*i(v). Calculate o(-2).
-20
Suppose 0 = 17*u - 13*u - 16. Let n(v) = -141 + 6*v + u*v**2 + v**3 + 134 + 3*v**2. Calculate n(-6).
-7
Let n(z) be the third derivative of -z**5/60 - 7*z**4/24 - z**3/6 + 1421*z**2 - z. Calculate n(0).
-1
Let j = 496 - 502. Let b be 2/(-4)*0/j. Let g(c) = -c**2 - 2*c. What is g(b)?
0
Suppose 2161 = -5*q - 4*z + 2027, 3*z - 72 = 2*q. Let v(c) = -6*c - 105. Calculate v(q).
75
Let d = 65 - 63. Let s be 462/(-90) - (d - (-128)/(-60)). Let j(u) = -u**2 - 6*u - 4. What is j(s)?
1
Let g(j) = 10*j**2 + 13*j - 23 + 6250*j**3 - 6251*j**3 + 2. What is g(11)?
1
Let g be 16*((-99)/18 + 6). Suppose x - g = 3*y, y - 6*x - 16 = -x. Let a(b) = -b**2 + 3*b + 9. What is a(y)?
-19
Let c = -298 - -301. Suppose c*h - 9*i - 1 = -5*i, -2*h - 3 = i. Let w(f) = 4*f**3 + 2*f**2 + 3*f + 2. What is w(h)?
-3
Let c = 163 - 145. Suppose -3*j + c = 3*o, j - 11*o - 18 = -6*o. Let k(n) be the second derivative of -n**5/20 + 3*n**4/4 - 4*n**3/3 - 5*n**2/2 + n. Give k(j).
-5
Suppose 2*y - 1 = 5*b, 48*b - 34 = 50*b + 4*y. Let x(z) = z**3 + z**2 - 5*z + 5. Calculate x(b).
2
Let l = -16 - -28. Suppose -2*k + 25 = s, -4*k - 2*s + 49 = s. Let u(g) = -l + 2*g + k - 7. Determine u(4).
2
Let g(o) = -3*o**3 - 46*o**2 - 16*o - 4. Suppose 590*w - 589*w + 18 = 3*d, 4*w + 2*d = -58. Calculate g(w).
11
Suppose 0 = -13*y + 8*y - 65. Let i(t) be the first derivative of t**3/3 + 6*t**2 + 13*t - 7736. Determine i(y).
26
Let v = -20381 + 20375. Let w(h) = 6*h + 7*h + 12 - h**3 - 5*h**2 - 4*h. What is w(v)?
-6
Let l(k) = k**3 - 6*k - 1. Let b(n) = -n**2 + 35*n + 394. Let j be b(44). Calculate l(j).
3
Let y = -26 - -41. Suppose 20 + y = 5*i. Let p(u) = u + 5*u - 7*u + 1 + i*u**2. Calculate p(1).
7
Let p(x) = x**3 + 17*x**2 - 15*x - 11. Suppose 7*y - 5*y = -8. Let b(q) = q**2 + 1. Let f(d) = y*b(d) + p(d). Determine f(-14).
-1
Suppose -109*y = 264*y - 1492. Let u(l) be the second derivative of 1/12*l**y + 0 - 15/2*l**2 + 0*l**3 + 35*l. Give u(0).
-15
Let w = 144 - 379. Let x = 245 + w. Let g(i) = 9 + i - 2*i - i. Calculate g(x).
-11
Suppose 3*d + 256 - 304 = 0. Suppose -76 = 10*n - d. Let w(b) = -b - 2. What is w(n)?
4
Let s be -21 + -2 + 8 + -3. Let a = 14 - s. Suppose 0 = -0*z - 4*z + a. Let i(r) = r**2 - 8*r - 2. Give i(z).
-2
Let k(t) be the second derivative of 1/3*t**3 + 1/2*t**2 - 2*t + 5. Give k(-5).
-9
Let w be ((-2)/(-4))/(1/(-10)). Let d(z) be the second derivative of 1/6*z**3 + 112*z - 1/2*z**2 - 2 - 5/12*z**4 - 1/20*z**5. What is d(w)?
-6
Let n(t) = 33*t - 38. Let h = -8465 - -8466. What is n(h)?
-5
Let b be (-16)/8 - 1/((-1)/7). Let m(t) = -3*t**2 + 2*t + 0*t**2 - 3 + b*t - 9*t. Calculate m(-2).
-11
Let w(o) be the second derivative of -o**3/6 - 5*o**2/2 + 79*o + 11. Suppose 2*b = 23 + 1. Suppose -r + 3*r = b. What is w(r)?
-11
Let l(k) = 7*k - 23. Let v = 473 - 460. Let c(h) = -15*h + 49. Let b(m) = v*l(m) + 6*c(m). Calculate b(4).
-1
Let j(z) = 60*z**2 - z**3 + 4*z - 2*z + 1 - 103*z**2 + 45*z**2. Let n be 0/(-3 - -2) - 0. Suppose n = 7*m - 2*m + 5. Calculate j(m).
2
Suppose 0 = -3*u - 5*r + 68, -84 = -4*u - 0*r - 5*r. Let j(s) = -9*s + u - 16 + s - 3. Determine j(-3).
21
Let a(k) = 2*k**2 - 45*k + 235. Let n be a(9). Let r(x) = x + 25. What is r(n)?
17
Let t(r) = r - 13. Let s be (-3 - -2)/((-3250)/(-3255) - 1). Let v = s + -643. Calculate t(v).
-5
Let w(f) = 23*f**2 + 39*f - 27. Let v(b) = 13*b**2 + 21*b - 15. Let j(g) = -7*v(g) + 4*w(g). Let m be (-175)/20 + 1/(-4). Calculate j(m).
-3
Let o(i) = -i**2. Let n(t) = 5*t - 7. Suppose 4*m - a = 8, -4*m = -3*m + 2*a - 11. Let z be n(m). Suppose z*r + 8 = 6*r. What is o(r)?
-16
Let u(r) = r. Suppose 3 = 5*s + 28. Let o = 9 + s. Suppose -o*n = 12, -2*n - 19 = 4*b - 1. Calculate u(b).
-3
Let f(i) = i**3 - 9*i**2 + 12*i + 2. Let j be (2/4 + 3*14/(-42))*-12. What is f(j)?
-34
Let b = -110 - -143. Let y = -30 + b. Let g(j) = 2*j**2 - 3 + 3 - 4 - 3*j. Calculate g(y).
5
Suppose 4 = -d + k, -2*d = 2*d - 3*k + 11. Let s(p) be the third derivative of -4*p**5/15 - p**4/12 + p**3/3 - p**2 - 79. Calculate s(d).
-16
Let h = -22 - -41. Suppose -h*s + 17*s = -6. Let c(r) = -s - 1 + r - 2 - 5. What is c(10)?
-1
Let c(n) = -n**3 + 5*n**2 - 8*n + 7. Let o be (1 + (-19)/7)/(-10*32/1120). Give c(o).
-77
Let x(a) be the second derivative of -a**3/6 - a**2 - a. Suppose 25*c - 180 = -0*c - 5*c. What is x(c)?
-8
Let h(f) = -f**3 + 12*f**2 - 28*f + 11. Let m be h(9). Suppose 0 = 2*x - m - 2. Let k(q) = -3*q + 16 + 16 - 31 - 4*q - q**x. Give k(-5).
11
Let c be (54/(-45))/(2/10) - 9. Let g(f) = f**3 + 15*f**2 + f + 20. Determine g(c).
5
Let q(j) = -7*j + 10. Suppose 12*x + 12*x - 120 = 0. Let p(d) = 12*d - 17. Let l(m) = x*q(m) + 3*p(m). Calculate l(8).
7
Suppose 2*j = -g + 77 - 22, 0 = -4*j + 2*g + 130. Let p(c) = 25 + 30*c - 29*c - j. Calculate p(-8).
-13
Let x be (8*(-24)/512)/(9/(-2)). Let y(b) be the third derivative of 0 - 1/120*b**6 - x*b**5 - 1/8*b**4 - 8*b**2 - 1/6*b**3 + 0*b. Calculate y(-4).
-5
Suppose g - 5*v = -62, -3*g + 5*g - 5*v + 144 = 0. Let q = -3882 + 3960. Let h = q + g. Let u(n) = 2*n + 5. Calculate u(h).
-3
Let a(m) = m**3 - 8*m**2 + 7*m + 6. Suppose -3*l - l + 303 - 279 = 0. Calculate a(l).
-24
Let r be (-2*(1 - -4))/(-1). Let l(s) = -53*s**3 - 258*s**2 - 256*s - 173. Let v(k) = -3*k**3 - 15*k**2 - 15*k - 10. Let h(n) = -2*l(n) + 35*v(n). Give h(r).
-34
Let b(d) = 602*d**2 - 41 - d + 605*d**2 + d**3 - 1207*d**2. Give b(0).
-41
Let a(z) = -7791 + 2*z + 0*z - z**2 - 6*z + 7812. What is a(0)?
21
Suppose 12*z = 6*z + 14 - 74. Let q(g) = -g**3 - 9*g**2 + 9*g - 6. Give q(z).
4
Let y be 23 + -1 - (1 - 3). Suppose 100 = -4*c + 4*v, 4*v - 25 = -2*c + 3*c. Let x = c + y. Let r(n) = 10*n**2 - 1. Determine r(x).
9
Let p(w) = -w**3 + 4*w**2 - 5*w + 15. Suppose -361 = -50*g - 211. Give p(g).
9
Let w(j) = 4*j - 4. Suppose 0 = 7*d + 2013 + 45. Let y = -300 - d. Give w(y).
-28
Let u be 0 - 0*2/2. Let j = 1059 - 1057. Let v(b) = 2*b - 3*b**2 - b + 5*b**2 - 18 - j*b - 3*b**2. What is v(u)?
-18
Let p(i) = -10 + i**2 + 2*i - 4*i**2 - 4*i**2 + 4*i**3 + 11 - 3*i**3. Give p(8).
81
Let h be 19 - (2/2)/1. Let y be 20/(-6)*h/(-15). Let r(c) = 2 - 87 + 82 + c. What is r(y)?
1
Let u be (-33 - -34) + (1 - 0). Let l(x) = -2 - 4*x**2 + 4*x**2 - 3*x**2 + u*x**2 + 4*x. Calculate l(7).
-23
Let f(m) = m**2 - 4*m + 2. Let j be f(6). Let c(p) = 42*p + 27. Let a(y) = 23*y + 13. Let w = 715 - 721. Let g(r) = w*c(r) + 11*a(r). Give g(j).
-5
Let g(i) = 23*i**2 - 36*i - 98*i + 133*i. Determine g(2).
90
Suppose -3*k + 6461 = 10*k. Let v = -512 + k. Let z(y) = y + 7. Give z(v).
-8
Let w(t) = 2*t**3 - 2*t**2 - t. Let g = -10509 + 10511. Calculate w(g).
6
Let h(r) = 2*r**2 